the value of (29 - 31) + -2 + 1?
-3
Calculate 12 + -18 + 10 + -3.
1
Evaluate 2 + (2 - 5) + -2 - -1.
-2
What is (-5 - 5) + 9 + 3?
2
What is the value of 4 + 0 - (0 - -5)?
-1
Calculate -5 + 10 + -5 + (0 - 2).
-2
17 + -23 - (-1 + -2 + 3)
-6
What is -1 + -6 + -25 + 29?
-3
What is the value of -15 - (9 + -22) - (9 + 0)?
-11
-3 + 6 + -2 + -4 + -1
-4
Calculate (5 - 1) + -2 - -2.
4
Calculate -6 + (0 - -5 - 0).
-1
What is (-2 - 2) + (1 - -1)?
-2
What is the value of 4 - (-6 - -10 - (-1 + 4))?
3
Calculate -3 + (-5 - (1 - 3)) + 2.
-4
What is 4 + -10 - (-1 - 0 - 2)?
-3
What is the value of (2 + 6 - 9) + 2?
1
Calculate -5 + 0 - (3 + -3 + -5).
0
Evaluate (-6 - -1 - 1) + 10.
4
Calculate 6 - (31 + -14 + -1).
-10
9 - (-9 - -7 - -9)
2
What is the value of -2 + -6 - (5 + -9)?
-4
Calculate (-1 - -3) + 1 - 6.
-3
What is the value of 6 + (-8 - (-11 + 7))?
2
What is 3 + (-7 - 0) + 10?
6
Evaluate (9 - 4 - 3) + 9 + -11.
0
-37 + 33 - (-2 + -3 + 3)
-2
-4 - (0 - 3) - 2
-3
-2 + 4 + 0 + 5 + -2
5
What is the value of -3 + 2 - -4 - 6?
-3
Evaluate (0 - -1) + (-6 - (-4 - 4)).
3
3 + -10 + -1 + 5
-3
What is (-9 + 4 - 7) + 3?
-9
Calculate (0 + -8 - 0) + (36 - 33).
-5
Evaluate -1 + (1 - 2) - -2.
0
What is the value of -5 - 2 - ((-1 - -1) + -5)?
-2
Evaluate (1 - -3 - (-2 - -3)) + -1.
2
What is (1 - 0) + 4 + -3 + 0?
2
1 + -3 + 2 + 1
1
What is the value of 4 - (-4 + (-1 - -6)) - 4?
-1
What is the value of (3 - (1 - -9)) + 6 + -4?
-5
What is the value of -2 - 4 - (26 - 33)?
1
(14 - 2 - 6) + -6
0
-7 + -3 + 1 - (29 - 34)
-4
-4 + (-4 - (-7 + 7 - -1))
-9
1 + (-4 - (1 - 0) - 3)
-7
-70 - -80 - (-1 - (-7 - 1))
3
-68 + 82 - (1 - -16)
-3
What is the value of 1 - ((1 - 7) + 2 + 2)?
3
24 + -26 - ((1 - 2) + -1)
0
Evaluate (6 + -5 - 0) + -5.
-4
Calculate -5 + 0 - (4 - (-7 - -18)).
2
What is -1 + 5 + -3 - -2 - -2?
5
-1 - (-2 + (4 - (-4 + 3)))
-4
(8 - 0) + 0 + -2
6
Calculate -3 + 11 + 0 - 9.
-1
(2 - -1) + 4 + -5 + -3
-1
Calculate 3 + 2 - (11 - -2).
-8
What is the value of -3 + 4 + (-6 - 13 - -14)?
-4
What is the value of 90 + -86 + 0 + 1?
5
What is the value of (4 - 5) + -4 + 0 + 14?
9
Calculate (-15 - -17) + 0 + 0.
2
What is the value of 0 + -3 - (1 + -2 - -3)?
-5
Calculate 1 + -5 - (-12 + (0 - -3)).
5
What is 6 - 9 - (-5 - 0)?
2
Calculate (3 - (3 + (-2 - -2))) + -3.
-3
Evaluate 2 + 4 + -1 + -2 + -4.
-1
Calculate 115 - 110 - (0 + 2).
3
(18 - 9 - 14) + 12 + 1
8
What is ((4 - 1) + -1 - -3) + 0?
5
What is the value of 8 + -8 + (2 - -1)?
3
Evaluate -3 - ((-4 + 0 - 3) + 4).
0
What is the value of 6 - 2 - (19 + -18)?
3
Evaluate 3 - (3 + (-7 - -3)).
4
What is the value of (-18 - -15) + 1 + -2 + 0?
-4
Evaluate 4 - (3 + (2 - -3 - 7)).
3
Calculate -8 - ((0 - 9) + 5 + -1).
-3
What is 2 - 3 - (5 - 11 - -12)?
-7
What is the value of (1 - 5 - (-15 + 10)) + -4?
-3
Evaluate (-57 - -48) + 1 + 1 + 1.
-6
5 + -5 - 3 - (-3 + -3)
3
What is the value of -4 + (-1 - (4 + -10))?
1
What is the value of -2 + 1 + (0 - 7 - -7)?
-1
What is the value of -4 + -1 + 2 + 5?
2
1 + 6 + (-19 - (-5 - 0))
-7
Evaluate 5 + -1 + 105 + -107.
2
What is the value of (-5 - -2 - -6) + -2 + 4?
5
-3 + -11 + -7 + 19
-2
What is the value of 3 + -5 + -2 + 5 + 0?
1
Calculate (-1 + 1 - -4) + -5.
-1
What is the value of 3 + -6 + 4 + 0 + 0?
1
Calculate 4 - (12 + (4 - 7)).
-5
Calculate (-3 - -2) + 3 + 3.
5
0 + 0 + -10 - (-9 - -4)
-5
Evaluate -4 + (-2 - (3 - 4)).
-5
What is -1 + -2 + (5 - (1 + 2))?
-1
Calculate 2 + -10 - (1 - (28 - 20)).
-1
What is the value of -1 + -4 + 2 + 2 - 2?
-3
Evaluate (-6 - -8) + (2 - -2).
6
Calculate (-4 - 0 - -2) + 8 - 1.
5
8 + (3 - (9 - 0))
2
-3 + -1 + (41 - 16 - 18)
3
What is the value of -1 + 4 + -1 + -3 + 2?
1
Calculate (9 - (4 + 2) - 0) + -8.
-5
What is the value of -7 + 1 + 0 - (16 + -18)?
-4
What is the value of (-4 - -1) + 5 + 2 - 10?
-6
What is -6 - -4 - (8 - 8)?
-2
What is -5 - (-1 + (-2 - -2)) - -5?
1
Calculate 2 - (0 + 3 + -3) - 4.
-2
What is the value of 7 + (0 - 5) + -2 + 3?
3
Evaluate 11 - 7 - -6 - 9.
1
Calculate (1 - 5) + (3 - (11 + -6)).
-6
-1 - -7 - (25 + 17 + -35)
-1
What is the value of 4 + 2 - (3 - 2)?
5
-1 + -7 + 5 + -2 + 5
0
Evaluate -9 + -2 - (-13 + 7).
-5
What is the value of (-3 - -5) + -4 + -4 + 6?
0
9 - 0 - 3 - (10 + -8)
4
Evaluate -1 + 0 - (3 - (3 + -2)).
-3
What is the value of (-5 - -2 - -6) + -3 + 4?
4
What is 0 + (2 - 4) + 2 + 3?
3
What is the value of 10 - 15 - 6 - -7?
-4
What is -8 + (2 - 3 - -3) + 2?
-4
Evaluate -1 + (-1 - -4 - -5).
7
Evaluate (0 - 5) + 4 + (-4 - 1).
-6
What is the value of -9 - (-10 + 4 + 12 - 9)?
-6
-34 - -27 - (-1 - 2)
-4
(3 - (8 + 0 - 1)) + 4
0
What is (1 - 3) + -74 + 81?
5
What is the value of 5 + -16 + -2 + (5 - 0)?
-8
Calculate -12 - -11 - (-4 - -6).
-3
Calculate 5 + -55 + 58 + -5 + 0.
3
-4 + 0 - (1 + -1 + -7)
3
What is the value of (5 - 3) + (-2 - (1 + -6))?
5
Calculate -7 - (2 + -5 + -4 + 3).
-3
What is 1 + -7 + 0 - (30 - 32)?
-4
What is (-5 - -4) + (-1 - (-2 - -3))?
-3
Evaluate (-8 + 5 - 0) + (-1 - 1).
-5
What is the value of -1 + (1 - (-2 - -2))?
0
Evaluate 1 + -1 + 0 + 0.
0
Calculate (1 - 0) + (10 - 15).
-4
-6 + (-6 + 9 - (4 + 4))
-11
What is the value of (-4 - -1 - -8) + -10?
-5
Calculate 4 + -1 + -1 - (-1 + 1).
2
What is (-14 - -16) + -4 + 7?
5
What is (1 - -1) + (5 - 7) + -3?
-3
What is the value of -5 + 10 - (-15 - -14)?
6
What is 10 + (12 + -6 - 10)?
6
What is 1 - (-5 - -4 - -4)?
-2
-7 + (21 - 3 - -2 - 2)
11
What is the value of (5 - (10 + -6)) + -9?
-8
Evaluate 0 - -1 - (0 - -3).
-2
(4 - 5) + -3 + 6
2
Calculate -8 + 0 + 4 - -8.
4
What is -7 + 8 - -3 - -5 - 4?
5
What is the value of 7 - (20 + -4 + -7)?
-2
What is -1 - -9 - (-40 - -56)?
-8
Calculate -2 + (-4 - 1 - -2).
-5
Evaluate -5 + (7 - 15 - -12).
-1
-1 + (-2 + 1 + -3 - -3)
-2
Calculate 1 + (2 - (-1 + 6) - 0).
-2
What is (10 - (-7 - -30)) + 10?
-3
Calculate 9 + (2 - ((3 - 1) + 4)).
5
(5 - 2) + 3 - (-4 + 2)
8
Calculate 4 + -4 - (0 - 1).
1
What is the value of -2 - (3 + -5) - 0?
0
Calculate -1 - (-3 + 0 - -3).
-1
Evaluate -47 - -38 - (-2 - -2).
-9
Calculate (-3 - 0) + 1 + -1 + 1.
-2
What is the value of -1 + 2 + -11 + 8 - -4?
2
Calculate 0 + -2 + (5 - 2) + -3.
-2
What is -2 + 5 + 1 + -4?
0
8 + (-4 - -2) - 10
-4
Calculate 0 - 3 - (-1 + -2) - 2.
-2
What is the value of 0 + -5 + (66 - 66)?
-5
Calculate (-12 - -20) + (-3 - 11).
-6
What is (5 + -8 - (0 - 0)) + 6?
3
(-2 + -2 - -4) + 4
4
What is -1 - ((-4 - -6 - 4) + 1)?
0
Evaluate (-4 - (2 + -3)) + 4.
1
What is the value of -16 - (-3 + -5) - -9?
1
What is -16 + 5 - (3 + -6)?
-8
What is -8 + -13 + (19 - 7)?
-9
What is the value of (11 - 18) + 0 - (-5 - 0)?
-2
Evaluate -6 - -7 - 3 - (-1 - -4).
-5
Calculate 11 + -7 + 0 + -3.
1
Evaluate (-33 - -14) + 14 - -2.
-3
8 - 7 - (3 - 5 - 2)
5
What is 4 - ((3 - 0) + (0 - 2))?
3
(-4 - -1) + (17 - 19)
-5
Calculate 7 + (-10 - (-6 + 4) - -6).
5
Evaluate -2 + 1 - (-10 + 10).
-1
What is the value of -4 + 5 + 0 - (-2 - 0)?
3
What is 3 - (4 + 0) - (5 + -2)?
-4
Evaluate 7 - 3 - 0 - 9.
-5
What is (-5 - 0) + (4 + -4 - -10)?
5
Evaluate 1 + (2 - 1) + (11 - 15).
-2
Evaluate 3 - (1 + (-1 - (1 - 3))).
1
Calculate 3 + -1 - (10 + (-15 - -6)).
1
Evaluate -1 - (-2 - -2 - -3 - -3).
-7
What is the value of (-4 - -1) + -26 + 24?
-5
12 + (7 - 11) + -6
2
Evaluate 5 + (10 - 11) + 0.
4
Evaluate 2 - (2 + (-1 - -3) + 2).
-4
Calculate -4 - ((-4 - 4) + 9 - 3).
-2
Calculate (32 - 32) + (7 - 0).
7
What is the value of -8 + (11 - 14) + 11?
0
Evaluate -2 - (-4 - (-4 - 2)).
-4
Calculate 2 + 1 - (5 - 2).
0
3 - 10 - (-5 - 0)
-2
What is the value of -20 - -13 - -11 - (1 + 12)?
-9
What is 3 + 1 + -5 - (0 - 1)?
0
What is the value of 3 - (27 - 4 - 12)?
-8
What is -7 + (2 + -7 - -7) + 5?
0
What is the value of 3 + (-2 - 1) + -4?
-4
Calculate (-7 + 10 - -10) + (-6 - -1).
8
Evaluate -10 - (9 + -11 + -5).
-3
Evaluate (12 - (-7 + 17)) + 3.
5
What is -9 - (-9 + (10 - 16))?
6
What is 3 + -6 + 2 + 1?
0
Evaluate -1 - ((1 - -2) + 1 + -3).
-2
(-9 + 5 - -2 - -4) + 3
5
0 + (-4 - -3) + 6
5
Evaluate 0 - 2 - (0 - 3).
1
What is the value of 2 + (-2 - (-4 + 5)) - 1?
-2
What is -3 - (6 - 14) - 13 - -2?
-6
What is the value of -2 + -11 - (22 - 32)?
-3
Calculate 6 + -9 + 8 + -1 + 1.
5
What is the value of 9 + -5 + 3 - 5?
2
-1 - (-1 - (6 - 11))
-5
(-5 - 6) + 2 + (1 - -3)
-5
What is the value of 4 + -5 + 11 + -5 - 0?
5
-5 + 32 + -33 + 10 + 1
5
Calculate 17 - 29 - -7 - (1 + -11).
5
What i